41
Let h(j) = -j + 1. Let v(g) = 8*g + 4. Let n(k) = 4*h(k) + v(k). Let b be n(-2). Suppose b = -2*m + 219 + 99. What are the prime factors of m?
3, 53
Let s(o) = -o**3 - 25*o**2 - 33*o - 33. Suppose m = 5*m - 8, 0 = -2*l + 5*m - 2. Suppose 2*z + 44 = -l. List the prime factors of s(z).
3, 61
Let b(h) = 137*h**2 + 80*h + 821. List the prime factors of b(-11).
2, 3, 2753
Let y(v) = -2*v**2 + 13*v + 10. Let z be y(7). Suppose -z = 5*w + 2. List the prime factors of (3 + w)*(5 + 29).
2, 17
Suppose -4*v - p = 5861, v = -22*p + 20*p - 1467. Let h = v - -2230. List the prime factors of h.
3, 5, 17
What are the prime factors of 105/(-315) + 56659/3?
2, 7, 19, 71
Let o be (-77)/4 - 3/4. What are the prime factors of (1788/o)/((-9)/105)?
7, 149
Let g be (15534/2)/(4/(-24)). Let k be (-4)/(-18) - g/243. Suppose 5*p - 273 = 2*p + 2*z, -2*p - 2*z = -k. What are the prime factors of p?
3, 31
Let x(n) = -n**3 + 36*n**2 + 164*n + 335. What are the prime factors of x(39)?
2, 271
Suppose 29201 = 3*x + 99 + 1274. List the prime factors of x.
2, 3, 773
Let y = 18 + -11. Let r(p) = 2 - 339*p - 21 + 345*p. What are the prime factors of r(y)?
23
Let h(a) be the second derivative of 29*a**5/20 - a**4/12 + 2*a**3/3 - 2*a**2 - 116*a. List the prime factors of h(2).
2, 29
Let c(a) = 10*a**2 - 7*a + 2. Let y be c(1). Suppose y*g - g + 929 = 5*q, -20 = -5*g. List the prime factors of q.
3, 7
Let n be (-762)/(-10) + (-290)/(-50) + -6. Suppose -4*o - 2*d + 46 = -0, 4*d + n = 4*o. What are the prime factors of o?
2, 7
Let c = -42641 + 92637. List the prime factors of c.
2, 29, 431
Let w(i) = i**2 - 6*i - 36. Let f be w(10). Suppose f*c - 636 = -2*t, -5*c + 2*t + 650 = -154. List the prime factors of c.
2, 5
Suppose -2*q - 4*p + 52486 = 0, -78*p + 81*p = 3*q - 78675. What are the prime factors of q?
17, 1543
Let w(r) = 2*r**2 - 28*r - 16. Let m be -3*(4/(-16) + (-38)/8). What are the prime factors of w(m)?
2, 7
Let j = -94 + 95. What are the prime factors of (4/(-6))/(12/(-10926)*j)?
607
Let q(u) = 3*u**3 + 24*u**2 - 26*u + 31. Let g(y) = 5*y**3 + 48*y**2 - 53*y + 63. Let b(c) = -4*g(c) + 7*q(c). List the prime factors of b(23).
2, 3, 7
Let p(j) = -j**3 - 6*j**2 + 9. Let v be p(-5). Let m(d) = -3*d - 40. Let w be m(v). List the prime factors of w*(-3 + 205/20).
2, 29
What are the prime factors of (-14 - 1285557/(-34))*4/7?
2, 10799
Suppose -2765 = 7*a + 532. Let x = a - -921. What are the prime factors of x?
2, 3, 5
Let c be 9/15 + 1008/(-30). Let y be 8/32 - c/12. Suppose -1 - y = -l, 3*r + 3*l = 138. List the prime factors of r.
2, 3, 7
Let k = -33 + 33. Let i(m) = k + 4*m + 4*m - m - 2. List the prime factors of i(12).
2, 41
Let a = -11980 + 20091. List the prime factors of a.
8111
Let m be 0 + 224/24 + 2/(-6). Let w be -25*(1 - 2)*1. Suppose w*q = m*q + 4416. List the prime factors of q.
2, 3, 23
Let x(c) = 219*c**2 + 41*c - 521. List the prime factors of x(11).
13, 19, 107
Let x(w) = 17*w**2 + 41*w - 11. Let d(q) = 6*q**2 + 14*q - 4. Let b(o) = -11*d(o) + 4*x(o). Let l = 84 - 81. What are the prime factors of b(l)?
2, 3
Let l be (-2)/(-9) - ((-29372)/18 + 2). Let p = l + -464. Suppose 0 = 5*n + 2*x - 1281, p - 392 = 3*n + 3*x. List the prime factors of n.
3, 5, 17
Let s be (46/4)/((-2)/(-20)). Let m(r) = -r**2 + 20*r - 30. Let d be m(0). Let y = s + d. What are the prime factors of y?
5, 17
Let d = -3761 - -2668. Let j = 770 + d. Let k = -146 - j. What are the prime factors of k?
3, 59
Let d be ((35 + -35)/(0 - -1))/(-2). Let v(n) = n**3 + 7*n**2 + n + 171. List the prime factors of v(d).
3, 19
Let n be -8*(565/(-20) - -2)*1. Let q = 375 - n. What are the prime factors of q?
3, 5, 11
Let m = -4980 + 10546. List the prime factors of m.
2, 11, 23
Suppose 3*a + 5*a = 3*a. Suppose 5*y = -a*y - 165. List the prime factors of y/(78/28 + -3).
2, 7, 11
Suppose -6*y = -227 - 325. Suppose -3*q + 35 + 9 = 4*k, 0 = 5*q + 2*k - y. What are the prime factors of (-57)/(-5) + 52/q + -2?
2, 3
Suppose -5*g + q + 559 = 0, 4*g + q = -49 + 498. Suppose 4*t - 9 = -209. Let o = t + g. List the prime factors of o.
2, 31
Suppose 0 = -3*l + 3*y + 184395, l = -y - 17122 + 78585. List the prime factors of l.
2, 3, 13, 197
Suppose -3487*q - 291150 = -3507*q + 337390. List the prime factors of q.
11, 2857
Suppose 55*t = -51*t + 394956. What are the prime factors of t?
2, 3, 23
Suppose 0 = 26*g - 12*g - 96194. List the prime factors of g.
6871
Let v(n) = 8*n + 41. Let x be v(-5). List the prime factors of -4*x + 8/((-24)/(-735)).
241
Suppose 2*y - 74 = -2*v, -4*v + y - 4*y + 148 = 0. Suppose 41*d - v*d = 84. What are the prime factors of 3 + 4089/d - (-2)/7?
2, 3, 11
Let a(j) = -258*j - 1235. Let d be a(-5). Let v = 1 + 1. Suppose v*q = q + d. What are the prime factors of q?
5, 11
Let b(m) = 16789*m**3 + 6*m**2 + 19*m - 20. What are the prime factors of b(1)?
2, 3, 311
Suppose b - 40 = -0*b. Let a = -56 + b. List the prime factors of (-9)/(36/a) - -17.
3, 7
Let b be (-1)/(-2)*(-15)/(15/(-58)). Suppose b = 2*j + 3*o, -2*j + 4 = o - 3*o. List the prime factors of j.
7
Suppose 33*s = 29*s + 45052. List the prime factors of s.
7, 1609
Suppose 0 = -4*l + 7*l - 6. Suppose w = 6 - l. List the prime factors of w/10 - 416/(-10).
2, 3, 7
Let a(b) = -b**3 - 13*b**2 + 21. Let g be a(-13). Suppose -5 = 4*l - g. Suppose -u = -5*z + l*u + 1060, -1020 = -5*z - 5*u. What are the prime factors of z?
2, 13
What are the prime factors of (-7526)/(-159)*11715/22?
5, 71
Suppose -108*k + 1322304 = 105*k. What are the prime factors of k?
2, 97
Suppose 601*w = 597*w + 5*z + 74598, -2*w + 37286 = 4*z. List the prime factors of w.
29, 643
Let d = -29729 - -45030. What are the prime factors of d?
11, 13, 107
Suppose -2*i + 5*f - 8 = 0, f = 6*f - 20. Suppose i*n - 393 = 2421. What are the prime factors of n?
7, 67
Let o be 7676/16 - 2/(-8). Let c be 2/3 - 224/(-42). Suppose -c*b + 11*b - o = 0. What are the prime factors of b?
2, 3
Suppose 0 = 3*u + 4*u - 7924. Suppose 57*c = 61*c - u. List the prime factors of c.
283
Suppose 0 = a - 7. Let j(s) = -s + 13. Let l be j(a). Suppose -b = 3*y - 92, -l*b + 4*b - y + 179 = 0. List the prime factors of b.
89
Let c = -13132 - -21909. List the prime factors of c.
67, 131
Suppose -1475 = 3*w + i, -2*i + 3*i = -5. Let y = w + 823. What are the prime factors of y?
3, 37
Suppose 575 = -x - 2*x - j, -4*j = -2*x - 402. Let g = -190 - x. What are the prime factors of g?
3
Suppose -h - 17 = -4*l, 4*l = 2*l + 10. Suppose h*p - z = z + 4750, -4*p + 3*z + 6334 = 0. What are the prime factors of p?
2, 7, 113
Let a be (-28)/10*(0 + -5). Suppose 38 = 13*m - a. List the prime factors of m.
2
Suppose -o + 2 = -4*g - 40, g = 3*o - 93. List the prime factors of (-3)/(-18)*14*(o + 3).
7, 11
Let a(j) = j + 245. Suppose 0 = -3*q + 506 - 398. What are the prime factors of a(q)?
281
Let l(u) = 10*u**2. Let s be l(-1). Let m(t) = 19*t - 19. Let p be m(-15). List the prime factors of (p/s)/(13/(-65)).
2, 19
What are the prime factors of 3/1*4602290/903?
2, 5, 11, 139
Let p(l) = -3 + 3 + 2 + 121*l. Let b be p(2). Suppose 5*y = 3*y + b. List the prime factors of y.
2, 61
Let c(j) = 4*j**2 + 7*j + 13. Let y be c(6). List the prime factors of 0 - (1 - 3)*y.
2, 199
Let n = -24384 + 105027. What are the prime factors of n?
3, 26881
Suppose h + 8*h - 27 = 0. Let j be 8*6/24*h/2. Suppose j*p + 3*y = 273, 0 = -p + 2*y - 4*y + 92. List the prime factors of p.
2, 3, 5
Suppose -9*w = 3*w - 1620. Suppose -3 = -3*d + 21. Suppose 5*l + w = d*l. List the prime factors of l.
3, 5
Suppose -109 + 37 = 4*i. Suppose 6*p - 73 = 3*p + 5*l, 109 = 5*p - 2*l. What are the prime factors of (i/p)/(((-4)/(-756))/(-1))?
2, 3
Let a = -312 + 317. Suppose a*s - 22*j - 1272 = -25*j, 0 = s - j - 248. What are the prime factors of s?
2, 3, 7
Let p = -88564 - -137506. List the prime factors of p.
2, 3, 2719
Let o(f) = f**2 - 2*f + 40. Suppose 2*p = -2*l, -3*p + 2*l = -0*l. Let c be o(p). Suppose 0 = 4*r - 2*r + 2, c = 3*z + 5*r. What are the prime factors of z?
3, 5
Let p(j) = -236*j + 38. Suppose o = u + 6, 5*o - 14 + 0 = u. List the prime factors of p(u).
2, 491
Let p(q) = 4*q**2 + 25*q + 18. Let x be p(-9). Let k = x - -7. What are the prime factors of k?
2, 31
Let i(f) = -2*f + 4. Let z be i(4). Let g be -131 + 1 - (4 + z). Let q = 257 + g.